 and o?
1
Suppose 48 = -5*l - 267. Let s = 8766 - 8801. Let t = s - l. Calculate the highest common factor of 84 and t.
28
Suppose -4*o - 24 = -40. Suppose 4*s - 4 = -o*c, 0*c + c = -5. What is the greatest common factor of 10 and s?
2
Suppose -13*q - 2 = -14*q. Let g be (5 + 56/(-16))*q/1. Suppose -2*b + g*b + w = 23, b - w = 25. Calculate the highest common divisor of 120 and b.
24
Suppose -13*l + 10*l - 6 = 0, -l - 4102 = -m. What is the highest common divisor of 100 and m?
100
Suppose 14*v - 38 = 480. Let i = v + 67. Calculate the highest common divisor of 52 and i.
52
Let o(q) = -4*q**2 - 12*q + 15. Let k be o(-3). Calculate the greatest common divisor of 405 and k.
15
Let j(t) = -2*t**2 - 74*t - 544. Let p be j(-11). What is the greatest common divisor of 2548 and p?
28
Let h(s) = -7*s - 32. Let b be h(-29). Calculate the highest common factor of b and 747.
9
Suppose -49*t + 45*t = -40. Suppose t*b + 35 - 145 = 0. What is the highest common factor of 55 and b?
11
Let x = 486 - 273. Suppose 0 = -5*w + 4*g + 6055, -2*w + 3*g - 4875 = -6*w. Suppose -14*m + x = -w. What is the highest common factor of 17 and m?
17
Let b = 4137 + -1659. Calculate the greatest common factor of 42 and b.
42
Let b be (((-90)/12 + -3)/2)/((-2)/72). What is the greatest common divisor of b and 297?
27
Suppose 151 + 689 = -2*i. Let o be (30/7)/((-18)/i). What is the greatest common divisor of o and 20?
20
Suppose 4*l - 3*p + 198 = 5*l, 5*p - 198 = -l. Let g be ((-12)/8)/((-3)/l). What is the greatest common divisor of 66 and g?
33
Let b = -24 - -26. Let p = b - -196. Calculate the highest common factor of p and 18.
18
Suppose 4*s - 3*p = 23, -3*s + 5*p + 14 + 17 = 0. Let y(g) = g**2 + 2*g - 5. Let b be y(4). Calculate the greatest common divisor of b and s.
1
Let i(f) = 1120*f**2 + 8*f - 8. Let k be i(1). Calculate the highest common divisor of 98 and k.
14
Let b = 315 - 329. Let x(m) = -m**2 - 19*m + 14. Let l be x(b). What is the highest common divisor of l and 96?
12
Suppose 124*w - 121*w = 2*n + 16, 4*w + 2*n = 40. What is the greatest common factor of w and 3560?
8
Let o = 28 + -24. Suppose -2*v - 2*g - 8 = 0, -v = 2*g - 3*g - o. Let a be v + 7 + (2 - (-1)/1). What is the highest common factor of a and 80?
10
Let d be (30/25)/(48/3280). Calculate the highest common factor of d and 5.
1
Let y(v) = 5*v + 741*v**3 + 723*v**3 - 1533*v**3 + v**2 + 4. Let i be y(-1). What is the highest common divisor of 23 and i?
23
Let d = -60740 + 60776. Suppose -5*m - 5 + 0 = -5*h, 0 = -5*h + 15. Suppose m*u + 218 = -s + 3*s, 1 = -u. Calculate the highest common factor of d and s.
36
Let a(p) = 108*p - 549. Let u be a(11). Suppose 2*o = 5 + 13. Calculate the greatest common factor of o and u.
9
Let r(s) = -s**2 + 9*s - 13. Let x be r(6). Let j = 16 + x. Let q(b) = -b**2 + 9*b - 7. Let u be q(7). Calculate the highest common divisor of j and u.
7
Suppose -235*h + 85076 + 1924 = -177*h. Calculate the highest common factor of 180 and h.
60
Let x(a) = 2*a**3 + 34*a**2 + 3*a + 52. Let s be x(-17). Let r be 36/(-9) + 1*16. Let w be ((-40)/r)/(6/(-9)). Calculate the greatest common divisor of s and w.
1
Let x = -243430 - -243435. Let v = 82 - 42. What is the greatest common divisor of x and v?
5
Let b(p) = 3*p**2 + 11*p - 79. Let y be b(20). What is the highest common divisor of 27 and y?
9
Suppose 40 = 2*k - o, 2*o + 0*o + 8 = 0. Let b(q) = -q**2 - 9 + 21*q + 18*q + 37*q - 56*q. Let y be b(k). What is the highest common factor of 18 and y?
9
Let x be (2/(-5))/(12/(-120)) - -12. Suppose -24*s + 374 = u - 21*s, 2*u - 738 = -s. Calculate the highest common divisor of x and u.
16
Let b = -18506 + 18538. Let t be 6/(-1)*28/(-6). Suppose 0 = r + 4*m - t, 2*r - m = m + 6. What is the highest common factor of r and b?
8
Suppose 5*w + 5 = -0*w. Let z = w - -118. Suppose o + 3*b = -o + z, -o = 4*b - 71. Calculate the highest common factor of o and 17.
17
Suppose 4*b - 2*z - 16 = -z, -4*b + 16 = -5*z. Suppose 2*u + 24 = 4*a + 6, 0 = b*a - 3*u - 19. Let c = 61 + -29. What is the highest common divisor of a and c?
4
Let a(y) = 16 - 24*y + 2*y**2 - 3*y**2 - 3*y**2 + 8*y**2. Let d be a(8). What is the highest common divisor of d and 5?
5
Let g(j) = j**2 + 2*j + 402. Let u be g(0). Suppose 4*b - 1014 = -u. Calculate the highest common divisor of 85 and b.
17
Suppose -40*w - s - 451 = -44*w, 10*w + 5*s = 1105. Calculate the highest common divisor of w and 112.
112
Let n be (-960)/(-180)*-12*27*3/(-12). Calculate the highest common divisor of n and 208.
16
Let q = 16498 - 16382. What is the highest common factor of q and 10?
2
Let c = 9250 - 7717. What is the greatest common divisor of c and 146?
73
Suppose 238 = 4*h + 46. Let x = 28 - 41. Let g = x - -37. What is the highest common divisor of g and h?
24
Suppose -3*r - 10*u = -16*u - 4293, 0 = -2*r - u + 2862. What is the highest common factor of 2968 and r?
53
Let m(l) be the second derivative of 23*l**3 - 63*l**2 - 2*l + 18. Let c be m(5). What is the highest common factor of 12 and c?
12
Suppose 0*v + 7*v - 33*v + 2860 = 0. Calculate the greatest common factor of 380 and v.
10
Suppose 0 = 3*a - 63*a + 357 + 1443. Suppose 87 + 153 = 3*t. Calculate the highest common divisor of t and a.
10
Let n be ((-2100)/(-8))/(-11*7/(-154)). Calculate the greatest common factor of n and 21.
21
Let m(d) = -d + 1. Let g be m(5). Suppose 265 + 80 = 23*a. Let n = g + a. Calculate the greatest common factor of n and 55.
11
Let i be (-1176)/(-6) - (-1 - 1)*2. Suppose 35*u - i = 30*u. What is the highest common divisor of 30 and u?
10
Let h(s) = 1258*s - 550. Let c be h(3). What is the highest common divisor of 208 and c?
104
Let g(f) be the third derivative of f**6/120 - f**5/15 - 7*f**4/6 - 2*f**3/3 - 27*f**2 - 1. Let m be g(8). What is the highest common divisor of m and 518?
14
Let f(s) = 171*s - 42. Let d = -290 - -294. Let a be f(d). What is the greatest common divisor of 6 and a?
6
Let m be (-1845)/(-15)*(0 - 1/(-3)). Suppose -3*k = -u - 619, -4*k = -2*u + 3*u - 816. What is the greatest common factor of k and m?
41
Let y(b) = 18*b**2 + 2*b + 6. Suppose 3*z - z = -6. Let i be y(z). Suppose 21*s - 238 - 140 = 0. Calculate the highest common divisor of s and i.
18
Suppose -5*b - 3*r + 2055 = 567, 1190 = 4*b + 2*r. Suppose 4*n - 148 = -4*a, 6 + 139 = 5*n - 5*a. What is the greatest common factor of b and n?
33
Suppose -90*j = -98*j - 16. Let x be -2 + (-1183)/(-133) + j/(-19). What is the highest common divisor of 2 and x?
1
Let w be (-1)/(-3)*(-3 + 0)*72. Let z = -40 - w. Let u be z/48 - (-194)/6. What is the greatest common factor of u and 165?
33
Suppose -g + 4*k + 618 = 0, -3*k = 217*g - 214*g - 1794. Calculate the highest common divisor of g and 35.
7
Let v(y) = 27*y**2 + 31*y + 7. Let j be v(-4). Suppose -33*a - 9 = -34*a. Calculate the greatest common factor of a and j.
9
Suppose 168*a - 135850 = -41*a. What is the highest common factor of 450 and a?
50
Suppose 80*r = 9048 + 1192. Let b be (-4)/((-2)/(-2))*-8. What is the highest common factor of r and b?
32
Suppose 7*s + 188 = 9*s. Let x = 371 - 136. What is the greatest common divisor of s and x?
47
Let g(a) = -a**2 - 31*a - 25. Let r be g(-30). Suppose -r*s + 119 = y + 54, 15 = 3*y. What is the greatest common factor of 20 and s?
4
Suppose -22*q - 5*t = -21*q + 1, -111 = -5*q + 4*t. What is the highest common divisor of 1349 and q?
19
Let z(o) = -33*o - 12. Let k be z(-8). Let b = -10229 - -10257. Calculate the highest common factor of k and b.
28
Let g(b) = b**2 - b**2 - 6*b**2 - b**2 + b**3 + 2 + 3*b. Let c be g(7). Calculate the highest common divisor of 299 and c.
23
Suppose 0 = 3*p + 2*p - 880. Let s(c) = -20*c**2 + 139*c - 204. Let x be s(4). Calculate the highest common divisor of x and p.
16
Suppose 1829 - 13671 = -62*z. Calculate the highest common divisor of 1 and z.
1
Let d(k) = 3*k**2 - 23*k - 12. Let n be d(12). Suppose 4*s = 4*q - 56, 8*s - 22 = -2*q + 7*s. What is the highest common factor of n and q?
12
Suppose -18 = -4*x + 5*y, 0 = -5*x - 2*y - 2 + 8. Let q be (-470)/(-15)*9/x. Let t = q + -75. What is the greatest common divisor of 6 and t?
6
Suppose -9167 = -19*q + 5919. Suppose -9*t + 16 + q = 0. Calculate the greatest common divisor of 120 and t.
30
Suppose 378 + 37 = -o. Let c = 